f + 60. What is the highest common factor of 496 and o?
16
Let g(n) = 44*n - 173. Let z be g(4). Suppose 0 = -s - 5*c + 210, z*c - 17 + 8 = 0. What is the greatest common factor of s and 10?
5
Suppose -5*v = -171*w + 175*w - 306, 4*v + 252 = 4*w. What is the highest common factor of 27 and w?
3
Suppose 4*u - 38 = -30. Suppose u*g - 122 = -18. What is the greatest common divisor of g and 13?
13
Let f = 24733 - 24719. What is the highest common factor of 8995 and f?
7
Let u(g) = 3*g - 9. Let z be u(3). Let v = z + -13. Let b = 29 + v. Calculate the highest common factor of 64 and b.
16
Let b = -7227 + 7326. What is the highest common factor of 1144 and b?
11
Suppose -5*y - 73 = 3*p, 0 = 2*p + 3*p - 5*y + 135. Let h = -23 - p. Suppose 3*m + 60 = 3*l, l + 2*m + h*m = 50. What is the highest common factor of l and 5?
5
Suppose -20 - 7 = -3*w - 5*n, -2*w - 3*n + 19 = 0. Let d = 284 + -280. Suppose 2*p = -3*s - 2*p + 109, 4 = d*p. Calculate the highest common divisor of w and s.
7
Suppose 0*p + 5*p - p - 308 = 0. What is the highest common divisor of p and 9779?
77
Let o be 23*1 - (-4)/14*7. Let a = 705 + -680. Calculate the greatest common factor of a and o.
25
Let u = -32 + 39. Suppose u*y - 1309 = -0*y. What is the highest common divisor of 68 and y?
17
Let a(i) = i**3 - 16*i**2 - 180*i + 2947. Let k be a(15). Calculate the greatest common divisor of 1958 and k.
22
Let k = -90 - 149. Let t = k - -251. What is the highest common factor of 132 and t?
12
Let w be (94/(-14))/(-32 - (-1588791)/49651). What is the highest common factor of 47 and w?
47
Let h be (-10)/4*(-2 - 18). Let x be (-125 + -5)/(58/(-116)) + 15. What is the greatest common divisor of x and h?
25
Let o = 759 + -747. Suppose -32*n = o*n - 88. Calculate the highest common divisor of n and 2.
2
Let j be (4/(-14) + (-13773)/(-14))*(-5560)/(-973). What is the highest common factor of j and 40?
20
Let t(u) = -u + 1 - 15 + 1 - 2*u. Let m be t(-5). Suppose -4*n + 172 = 2*c, -2*c - m*n - 24 = -200. Calculate the greatest common divisor of c and 10.
10
Suppose 50824 + 99622 = 126*o - 194668. Calculate the highest common divisor of 231 and o.
33
Let d(v) = 141*v**2 + 983*v + 8. Let f be d(-7). Calculate the highest common factor of f and 23094.
18
Let w be 1/((-2)/34) + 4142. Calculate the greatest common factor of w and 1815.
165
Let i = 2 + 1. Suppose -c + 9*c = -56. Let a be ((-4)/(-5))/((c - 1)/(-40)). What is the highest common factor of a and i?
1
Let y = 21766 + -21746. What is the greatest common factor of y and 6590?
10
Let w = 44191 - 44182. Suppose q - 702 = -q. Calculate the greatest common factor of q and w.
9
Let w be (188/16 - 0)/(1/4). Suppose 0 = 6*d + 17 - w. Let o be (-3 + 0)/(d/((-200)/3)). Calculate the highest common divisor of o and 5.
5
Let k be 203 - (12/2 - ((-60)/(-5))/(-12)). What is the greatest common divisor of k and 966?
14
Let c(f) = -3177*f - 38 + 3183*f + 11. Let k be c(10). Let t = 7 + k. Calculate the greatest common factor of t and 100.
20
Let i be (-7)/2 + 32955/130. Calculate the greatest common factor of 235 and i.
5
Suppose -5*n - 405 = -3*k, -k + 74 = -2*n - 60. Let c be (15 + 0)/((-95)/70 - (-6)/4). Calculate the greatest common divisor of k and c.
35
Let z be (5 - 3)/(2/27). Suppose f - v - 211 = 0, -47*f + 43*f + 5*v + 839 = 0. Calculate the greatest common factor of f and z.
27
Let f(a) = a**3 - 72*a**2 - 222*a - 180. Let i be f(75). Calculate the greatest common divisor of 4845 and i.
15
Suppose -21465*g - 8568 = -21479*g. What is the highest common divisor of g and 68?
68
Let q(g) = g**3 - 9*g**2 + 12*g + 14. Let x be q(7). Suppose x = 10*n + 95 - 665. Calculate the highest common factor of n and 76.
19
Suppose 2*t = -3*t - 3*k + 4161, 4*k = -4*t + 3324. What is the greatest common factor of 11954 and t?
278
Let f = -3535 + 3727. What is the greatest common factor of 42 and f?
6
Suppose -6*v + v - 188 = 2*q, q = -4*v - 91. Let h = q - -103. Let j be h*(3 + (3 - 4)). Calculate the greatest common factor of j and 32.
8
Let z(g) = -726*g + 3. Let u be z(0). Let d = 109 + -70. Calculate the greatest common divisor of u and d.
3
Let c = 270 + -385. Let a = c - -109. Let g be 13 - ((-12)/18)/(1/a). What is the greatest common factor of 6 and g?
3
Suppose 2569*a - 43890 = 2455*a. Calculate the highest common divisor of 1855 and a.
35
Let n = 47969 - 22577. Calculate the highest common divisor of 48 and n.
48
Let u = -14 + 51. Suppose 0 = u*m - 39*m - 164. Let n = 97 + m. Calculate the highest common divisor of n and 40.
5
Let p be ((-7)/((-14)/225))/(3/(-6)). Let x = p + 257. What is the highest common divisor of x and 208?
16
Let k be 0/(-37) + (5 - 0). Suppose -h + 54 = 3*i, i + k*h = -0*h + 18. What is the highest common factor of 24 and i?
6
Suppose y + 23 = -5*v, -2*y + 4*v = -y - 13. Let s(g) = g**2 - 23*g - 56. Let i be s(-2). Let a = y - i. Calculate the greatest common factor of 3 and a.
3
Suppose 102*k = 203*k - 102*k + 549. What is the greatest common divisor of 9 and k?
9
Suppose -30*w + 52958 + 19042 = 0. Calculate the highest common factor of 25 and w.
25
Let u(j) = -27*j - 85. Let z(f) = 32*f + 85. Let p(k) = -7*u(k) - 6*z(k). Let a be p(0). Calculate the greatest common factor of 34 and a.
17
Suppose h = 6*h + 5, -21 = -3*c + 3*h. Let a(s) = -s + 20. Let g be a(c). Let m be (-7042)/(-63) + (-2)/(-9). What is the greatest common factor of m and g?
14
Suppose -13*m - 12586 = -1757. Let o = -437 - m. Calculate the highest common factor of 36 and o.
36
Let s = 24476 + -24290. Calculate the highest common factor of s and 558.
186
Let x be (-37413)/4 - 1/((-20)/(-15)). Let k be x/(-10) - (208/(-80) + 3). Calculate the highest common factor of k and 55.
55
Let z be (-27)/(486/264)*(75/(-2) + 0). What is the greatest common factor of 418 and z?
22
Let v be 7*(201 - -2)*1 + 4. What is the greatest common divisor of 525 and v?
75
Let h be 2739/99 + (2 + 0)/6. Let b be 8/h - (-626)/14. What is the highest common divisor of b and 5?
5
Let f(k) = 70*k**2 + 24. Let r be f(4). Suppose -2*n - 4*q - 214 + 804 = 0, 4*n = q + r. What is the highest common divisor of 123 and n?
41
Suppose 2*y - 7*y = -l + 52, -5*l + 239 = -4*y. Suppose 3*u = -l + 137. Suppose -461*j + 4140 = -369*j. What is the greatest common divisor of u and j?
15
Suppose 5*x - 4*g = 23705 - 22875, 2*g = -5*x + 800. Let h be 27*((-32)/(-6) - 0). Calculate the highest common divisor of x and h.
18
Suppose -9*r + 598 + 2561 = 0. Let l(q) = 9*q - 15. Let u be l(6). Calculate the highest common factor of r and u.
39
Let v be (20 - 19)*(-1 - -2). Let s be 25 + v/((-3)/(-12)). Suppose 79 - s = m. Calculate the greatest common divisor of m and 5.
5
Let x = -3083 - -3678. Calculate the highest common divisor of x and 4046.
119
Suppose -4*j - 44 = -4*a, 4*j = -5*a + 43 + 3. Suppose -33*r + 8*r + 1000 = 0. Calculate the highest common factor of a and r.
10
Suppose 3*j - 4*m = -912, 0*j - 3*j + 3*m - 909 = 0. Let q = j - -378. Calculate the highest common divisor of 312 and q.
78
Suppose -5*i + 4*i - 13 = -j, 5*j + 4*i = 92. Suppose -22 - 2 = -4*n. Let t be (-64)/n*(-12 - (-7 + -2)). What is the greatest common divisor of j and t?
16
Suppose 0 = -4*g + 24*g + 8520. Let t = -396 - g. Calculate the greatest common divisor of t and 20.
10
Let d(g) be the third derivative of 3*g**4/8 + 47*g**3/6 - 15*g**2. Let n be d(-5). What is the greatest common divisor of n and 16?
2
Suppose 16*k + 363 = -165. Let q(l) = l**3 + 32*l**2 - 36*l + 15. Let n be q(k). Calculate the greatest common divisor of n and 12.
6
Let c be 2/3*(-30)/20*-1035. Calculate the greatest common factor of c and 14697.
207
Let j be (-4)/(-6)*(-459)/34. Let t be 82 - ((-35)/(-14) + j/6). Let b(w) = -w**3 - 13*w**2 + 9. Let s be b(-13). What is the highest common divisor of s and t?
9
Let f be ((-26)/(-78))/((-8)/(-1272)). What is the greatest common factor of 1643 and f?
53
Suppose 17*p - 2069 - 274 = 411. Calculate the greatest common divisor of p and 1008.
18
Let w be (-6)/(-15)*(-45)/(-4)*-2. Let i be (-325)/w - (-7)/(-63). Calculate the highest common factor of 81 and i.
9
Let u be (-2)/(-6)*2/(6/387). Let s be ((-86)/20*-2)/((-107)/(-535)). Calculate the greatest common factor of s and u.
43
Let s(z) = -5*z - 15. Let r be s(-10)